ppose n*d + 0*d - 92 = 0. Let k = d - 9. What is the highest common factor of 14 and k?
14
Suppose -5*d - 3*f = -356, -6*d - 5*f - 200 = -9*d. What is the greatest common divisor of d and 42?
14
Let b be (-4 + 3)*5*-2. Suppose 2*a = b - 4. Calculate the highest common factor of a and 21.
3
Let g(u) = u**3 + 14*u**2 - 21*u - 35. Let i be g(-15). What is the highest common divisor of i and 5?
5
Suppose -4*k - 204 = -4*l, 87*l + 4*k = 88*l - 48. Let u = 444 - 314. Calculate the highest common factor of u and l.
26
Let v = -22 + 38. Suppose 3*a = -5*x + 723, 5*x + 4*a - 7*a - 717 = 0. Calculate the highest common factor of x and v.
16
Suppose -4*t + 2*s = -t - 36, -3*t - 4*s = -18. Suppose 0*b + 2*b = 28. Let r = b + -4. What is the highest common divisor of r and t?
10
Suppose -x + 10 - 1 = h, 0 = 9*x - 27. Let g(y) = 3*y - 6. Let i be g(7). Calculate the greatest common factor of i and h.
3
Let r = 124 + -122. Suppose 0 = -t + r, 28 = 11*m - 9*m + 4*t. Suppose -o = -0*o - 20. Calculate the highest common divisor of m and o.
10
Let j(f) = -f**2 + 12*f + 30. Let c be j(10). What is the greatest common factor of c and 30?
10
Let u(q) = -q**2 - 21*q - 37. Let p be u(-19). Suppose 6*h + 6 = 9*h. Let l be (-6)/4*(-4)/h. What is the highest common factor of p and l?
1
Let d = -772 + 1421. Calculate the greatest common divisor of 11 and d.
11
Let q be 171/27 + -6 - (-2788)/6. Calculate the greatest common factor of 279 and q.
93
Let m be -6 + (-5)/(5/(-12)) + 18. Let q be (-298)/(-5) - 2/(-5). Calculate the highest common divisor of m and q.
12
Let v = -53 + 103. Let j(s) = s**3 + 6*s**2 - 3*s + 7. Let h be (0 - 6/(-2)) + -9. Let g be j(h). Calculate the highest common divisor of v and g.
25
Suppose 5*t + 62 = j, -2*j + 5*t + 124 = 3*t. Let f(a) = a**3 - 24*a - 1. Let w be f(-4). Calculate the greatest common divisor of j and w.
31
Let u = -34 + 41. Let n(f) = 3*f - 3. Let s be n(u). Calculate the greatest common divisor of s and 12.
6
Let c(l) = -2*l**3 + l - 1. Let n be c(1). Let j = 2 - n. Suppose -3*g - 4*a + 190 = -6*a, -140 = -2*g + j*a. What is the highest common divisor of 40 and g?
20
Let n(z) = -315 + 0*z**2 - z**2 + 0*z**2 + 321 - 9*z. Let j be n(-4). Let k = 52 + -13. Calculate the highest common factor of j and k.
13
Suppose 0 = 4*n - 73 + 9. Let x be 38 + 1 + -1 + 0. Let s = n + x. Calculate the highest common factor of 6 and s.
6
Let r(c) be the first derivative of c**3/3 + 5*c**2/2 + 8*c + 3. Let s be r(-7). Calculate the greatest common divisor of 55 and s.
11
Let g = -107 - -162. Calculate the greatest common factor of g and 165.
55
Suppose -6*a + 72 = -0*a. Calculate the highest common divisor of a and 384.
12
Let w = -653 - -658. Calculate the highest common factor of w and 3.
1
Let c = 136 + -350. Let n = 302 + c. Let a be 4*-4*(-352)/512. What is the greatest common factor of a and n?
11
Suppose -33*y + 57 = -1131. Calculate the greatest common factor of y and 612.
36
Let b = -6 + 10. Let w(t) = t**3 - 3*t**2 + t - 2. Let a be w(b). Calculate the highest common divisor of 36 and a.
18
Suppose -5*y + 25 = 10. Suppose 5*n + 2*l - 304 = 0, 0 = -4*l - 13 + 1. Suppose -g - y*g = t - 64, t + 2*g = n. Calculate the highest common factor of 15 and t.
15
Let z(h) = 6*h + 2*h**2 + 0*h**2 + 6 + 1 + 0*h. Let q be z(7). What is the greatest common divisor of q and 21?
21
Let v(i) = i**3 - 25*i**2 + 9*i. Let a be v(25). Calculate the greatest common divisor of 50 and a.
25
Suppose 0 = -o - 1 - 1, -3*x = o - 100. Let p = -2520 + 2639. What is the greatest common divisor of p and x?
17
Let i be 4/(12/45) - 0. Let t(h) = h**3 + 4*h**2 + h + 105. Let l be t(0). Calculate the greatest common factor of i and l.
15
Let c(w) = -3*w**2 - 9*w - 24. Let o(q) = -7*q**2 - 17*q - 48. Let i(a) = 5*c(a) - 2*o(a). Let x be i(-6). What is the highest common divisor of x and 12?
6
Let v be (-44)/(-7) + (-6)/21. Let m be 2/17 - 1900/(-34). Let g be m/6 - (-15)/(-45). Calculate the greatest common factor of v and g.
3
Let x be (125/2)/((-5)/(-10)). Let k = 36 + 14. Calculate the greatest common divisor of x and k.
25
Suppose m + 8*j - 16 = 9*j, -3*m + 4*j = -43. Calculate the greatest common divisor of m and 966.
21
Let x = -26 - -32. Suppose -9 = a + 5*j, 2*j + x + 36 = 2*a. Let v(g) = g**2 + 3*g. Let u be v(-4). Calculate the highest common factor of u and a.
4
Suppose 19*a + 589 - 1805 = 0. What is the greatest common factor of 96 and a?
32
Let z = 76 - 48. What is the greatest common divisor of z and 1176?
28
Let q be 1052/6 - (-3 - (-21)/9). Suppose 0*k + 4*t + 52 = 4*k, 5*k + t = 83. What is the highest common factor of q and k?
16
Let f be (-15)/4*(-56)/21. Let p be f/6 - 3/(-9). Suppose -3*l = -3*u - 78, u = -p*l + 4*l - 56. Calculate the greatest common factor of l and 20.
10
Suppose 1531 = 39*u - 3188. Calculate the highest common factor of 22 and u.
11
Let l be 69/21 + (-12)/42. Suppose 0 = -g + q - 79, g + 65 + 6 = -3*q. Let z = -44 - g. What is the greatest common factor of z and l?
3
Let o = -329 + 440. What is the greatest common divisor of o and 148?
37
Let o be 19/5 + (-5)/(-25). Suppose -o*i + 31 = 5*z, 5*z - 2*i - 7 = -0. Let w = 4 + z. Calculate the greatest common factor of w and 28.
7
Let x be (-132 - -102)*52/(-10). Calculate the greatest common factor of x and 1092.
156
Suppose 53 = -4*r - 27. Let y = r + 53. Calculate the greatest common divisor of y and 3.
3
Let k = 206 + -211. Let y(t) be the second derivative of -t**4/12 - 7*t**3/6 + 2*t**2 - t. Let c be y(k). What is the greatest common factor of c and 2?
2
Suppose 0 = 16*m - 15*m + 10. Let l be (-9)/3*(-4)/(-6). Let g = l - m. Calculate the highest common factor of g and 72.
8
Let c(a) = 15*a - 12. Let v be c(-8). Let d be (-34492)/(-22) - 24/v. Let t be d/72 + (-2)/(-9). What is the greatest common divisor of t and 2?
2
Let g = -15 - -8. Let u(p) = -8*p + 4. Let t be u(g). What is the highest common factor of 15 and t?
15
Suppose 436 = 44*v + 84. Suppose t - 3 - 3 = 0. Suppose -t = -m + 58. What is the highest common divisor of v and m?
8
Let p be ((-264)/(-36) + -9)/((-1)/15). Let z(c) = -7*c + 1. Let h be z(-7). What is the greatest common factor of p and h?
25
Let b = -10 + 14. Suppose -7 = -2*z - 0*k + 3*k, -b*z - 3*k = -41. Calculate the greatest common divisor of 40 and z.
8
Let t(d) = d**2 + d - 9. Let j = -21 - -25. Let q be t(j). Suppose -q*z = -6*z - 195. Calculate the greatest common factor of z and 13.
13
Let j be 760/6 + (-8)/12. Let p(b) = -b**2 + 134*b - 502. Let t be p(4). Calculate the highest common factor of t and j.
18
Suppose -5*b = -b - 1260. Calculate the greatest common divisor of 15 and b.
15
Let n(i) = 8*i**2 - 3*i + 7. Let a be n(5). Suppose a = 3*p + p. Suppose -110*q + 96*q = -168. What is the highest common factor of p and q?
12
Let t = 68 - 64. Suppose n = -2*s + 257, 2*s + 237 = 5*n - t*n. Calculate the greatest common factor of n and 19.
19
Suppose -5*d - 20 = -6*d. Let k be ((-600)/4)/(15/(-10)). Suppose u - 6*u + k = 0. What is the greatest common factor of d and u?
20
Let p(a) = -13*a - 7. Let u be p(1). Let b be u/8*1/5*-318. What is the greatest common factor of 106 and b?
53
Suppose -5*i + 26 = 4*r, i = 2*i + 5*r - 1. Let k be 45/i*8/6. What is the greatest common factor of 25 and k?
5
Suppose -10*k + 5*k + 75 = 0. What is the greatest common divisor of k and 135?
15
Let m(y) = -y**3 - 5*y**2 + 23*y - 25. Let g be m(-11). Calculate the greatest common divisor of 128 and g.
64
Suppose 0 = 43*k - 15*k - 336. What is the greatest common divisor of 1488 and k?
12
Let q(u) = -u**3 - 9*u**2 + 17. Let n be q(-10). Calculate the greatest common factor of n and 13.
13
Suppose -5*t - 2*x + 102 + 196 = 0, -5*t + 304 = -4*x. Let v be 9/2*(-22)/(-3). Suppose 0 = 5*k - 27 - v. What is the highest common factor of k and t?
12
Suppose -2*z + 0*z + 72 = 0. What is the highest common divisor of z and 315?
9
Suppose 5*p = -2*w + 22, 5*p - 2*p - 51 = -3*w. What is the highest common divisor of w and 3?
3
Let u be (-1)/2 + 731/34. Let w = 0 + u. What is the greatest common divisor of 21 and w?
21
Suppose 35*g - 521 = 284. What is the highest common factor of 2921 and g?
23
Suppose 0 = 3*t - 8*t, -2*g + 4*t + 16 = 0. Suppose -2*r - 6*q = -q + g, q = -2*r. Calculat